1/6*a**3 + 9/2*a**2. What is z(q)?
9
Let j(z) = z**3 - z**2 - 3*z - 7. Let f(s) = -s**2 - 3*s - 3. Let k be f(-3). Let r(h) = -h**3 + 2*h**2 + 4*h + 7. Let t(w) = k*j(w) - 2*r(w). What is t(0)?
7
Let c = 42 - 40. Let u(i) = i + 1. Let l(d) = -2*d - 9. Let m(p) = -l(p) - 6*u(p). Give m(c).
-5
Let f = 34 + -19. Let q = f - 17. Let l(t) = -t**3 - 2*t**2 - 2*t - 1. What is l(q)?
3
Let u(p) = -1. Suppose 2 = n + 1. Let z(g) = 4 - g + n + 0. Let h(l) = -3*u(l) + z(l). Give h(4).
4
Let v = -1235 + 1234. Let n(d) = d**2 + 1 - 2*d**3 + 2*d - 9*d**3 + 0*d**3. Determine n(v).
11
Let i(g) = g**3 + 6*g**2 - g - 7. Suppose -d = -5*p - 4*d - 33, -2*d = -3*p - 16. Let l be i(p). Let k(q) = 5*q**2. Calculate k(l).
5
Suppose 3*d + 7 = 6*d + 2*b, 0 = 4*d + b - 16. Let q(o) = -3*o**2 - 8*o + 3. Let x(t) = -2*t**2 - 4*t + 2. Let l(i) = 3*q(i) - 5*x(i). Determine l(d).
4
Let s(d) = -3*d. Let h(y) = -y**2 + 10*y - 11. Let u be h(8). Suppose 3*z + 2 = 2*z - 4*p, 4*z + u*p = -8. What is s(z)?
6
Let v(m) = -3*m**2 + m. Let x = -55 + 57. Give v(x).
-10
Let r(q) = -4*q**3 - 25*q**2 - 11*q - 15. Let s(j) = -j**3 - 6*j**2 - 3*j - 4. Let u(o) = -2*r(o) + 9*s(o). Determine u(-4).
14
Suppose -5*l = -5*k, -6*k = -2*k + 4. Let y(s) = s. Let p(f) = 5*f. Let a(h) = -6*p(h) + 25*y(h). Calculate a(l).
5
Let q(b) = -8*b**3 + 3*b**2 - 3*b + 6. Let a(g) = -7*g**3 + 2*g**2 - 2*g + 5. Let z(h) = 7*a(h) - 6*q(h). What is z(-5)?
4
Let l(y) = 5*y**2 + 2*y + 1. Suppose 0 = -0*j + 3*j - 6. Give l(j).
25
Let j = -37 - -39. Let s(n) = -n**3 + 2*n**2 + 2*n - 3. What is s(j)?
1
Let u(r) be the second derivative of r**3/6 - r**2/2 - 2*r. Let o = 16 + -15. What is u(o)?
0
Suppose -4*n - l - 15 = 0, -3*l = 6*n - n + 17. Let b(v) = v. Let s(m) = m. Let g(r) = 5*b(r) - 4*s(r). Determine g(n).
-4
Let a(p) = 8*p**3 + 5*p**2 + p + 1. Let h(j) = 7*j**3 + 5*j**2 + 1. Let y(i) = -6*a(i) + 7*h(i). Let u(z) = -z - 6. Let q be u(0). Determine y(q).
1
Let p(a) = -a**2 - 17*a - 17. Let h be p(-16). Let n(v) be the third derivative of -13*v**6/120 - v**5/60 - v**4/24 - v**3/6 + 2*v**2. Give n(h).
12
Suppose 3*z = -5*x + 20, -2*x = -2*z - 3*x + 11. Let n(u) = -11 - z*u + u + 9. What is n(2)?
-10
Let i(w) = w - 6. Let f(u) = u - 5. Let z(b) = -4*f(b) + 3*i(b). Suppose 0 = -2*y - 3*c + 5, 2*y - 2*c - 6 = y. What is z(y)?
-2
Let r(x) = -x**2. Suppose -5*n + n + 96 = -4*f, 3*f = -5*n + 136. Suppose -6 = 2*t - n. Suppose 5*m + 25 = -h, 5*h - 3*m + m - t = 0. What is r(h)?
0
Let s(g) be the second derivative of -g**3/6 - g**2/2 - 3*g. Suppose -4*n + 18 = 6. Suppose 0 = -n*p + 2*p - 2. Calculate s(p).
1
Let s(h) be the first derivative of -h**3/3 - 5*h**2/2 + 4*h + 51. Let m(f) = 2*f**3 + 3*f**2 - 1. Let x be m(-2). Calculate s(x).
4
Let u(y) be the first derivative of y**3/3 + 2*y**2 + y - 4. What is u(-5)?
6
Let c(s) = 2*s. Let b be c(-1). Let z = 1 - b. Let h(l) = -2*l**3 + 3*l**z + 3 - 2. Give h(0).
1
Suppose -w - 2 = -2*w. Let l(t) = 3*t**3 - t**2 - 2*t**3 + t**w + 6. Calculate l(0).
6
Let j(k) = 4 + 5 - 16 + 4 - 4*k - 2*k**2. Give j(-2).
-3
Suppose -11 = 3*x + 25. Let v = x - -9. Let d(q) = 3*q**2 - 4. Let f(r) = -4*r**2 - r + 5. Let a(p) = -5*d(p) - 4*f(p). Calculate a(v).
-3
Let t be (0 - 1) + -75 + 1. Let u be (-310)/t - 4/30. Let i(x) = x + 5. Give i(u).
9
Let d(s) = -s**2 - 6*s + 5*s + 3*s**2. Let k(z) = -z**2 + 2*z. Let v(i) = 2*d(i) + 3*k(i). Determine v(-4).
0
Let h = 13 + -20. Let c(o) = o + 10. Let n be c(h). Let v(m) = -m - 3. Calculate v(n).
-6
Let j(k) = k**3 - k**2 - 2*k - 4. Let i(t) = -t - 10. Let y be i(-6). Let r = 7 + y. What is j(r)?
8
Let m(q) = q**3 - 10*q**2 + 5. Let z be (-8 + 1)*-20*2/28. Calculate m(z).
5
Let z(l) = -6*l**3. Let n = -14 - -18. Suppose n*j = 1 + 3. What is z(j)?
-6
Suppose 2*v - 5*d + 13 = v, -v - 2*d = -8. Suppose 0*r + 3 = r + 4*l, 2*r + v*l = 0. Let o(a) = 5*a**2 - 2*a - 1. Determine o(r).
6
Let f(a) be the first derivative of -a**3/3 + 3*a**2/2 + 2*a - 1. Let u be (2 - (5 + 0))*-3. Let o be (-4)/6 + (-12)/u. Determine f(o).
-8
Let d(j) be the first derivative of j**5/30 - j**4/24 + j**3/3 + j**2 + 1. Let h(k) be the second derivative of d(k). Suppose -1 = -n + 1. Determine h(n).
8
Let r(j) = j + 2. Let z(i) = i**3 + 4*i**2 - i - 1. Let q be 2/6 - 26/6. Let a be z(q). Calculate r(a).
5
Let q(x) = -x**2 - 12*x - 17. Let t be q(-10). Let m(g) = g**3 - 4*g**2 + 3*g + 1. Calculate m(t).
1
Let f(w) = w + 1. Let s(k) = -1 + k + k + 3. Let c(u) = 7*f(u) - 3*s(u). Let n = -9 - -15. Determine c(n).
7
Let v(n) = -2*n**3 - 21*n**2 - 23*n - 5. Let y(m) = m**3 + 10*m**2 + 11*m + 3. Let z(p) = 4*v(p) + 9*y(p). Let i be 10*((-2)/4 + 0). Give z(i).
-3
Suppose 0 = k - 5*k + 12. Let a(u) = 3*u - 1. Let v(o) = -6*o - 1 + 6 - 2. Let p(q) = k*v(q) + 7*a(q). Calculate p(-4).
-10
Let q(c) = -c**3 - 4*c**2 + 4*c - 3. Let j be q(-5). Let a = j + 0. Let u(z) = -6*z + 3. Give u(a).
-9
Suppose c + 2*t + 1 = 0, 3*c - 6*t = -t - 36. Let o(x) = -x**2 - 8*x - 3. Calculate o(c).
4
Let g(n) = 4*n - 3. Let l be g(2). Let c(b) = -9*b + 7. Let f(k) = 0 - 3 + 4*k + 0. Let i(v) = -2*c(v) - 5*f(v). What is i(l)?
-9
Let l(x) = -x**2 + 9*x - 5. Let q be l(8). Let h(i) = 3*i**3 - 2*i**2 - 1. Let g(j) = 10*j**3 - 5*j**2 - j - 4. Let t(m) = 2*g(m) - 7*h(m). Give t(q).
2
Let p be 12/42 + (-19)/(-7). Let y(n) = 2*n**2 - 3*n - 3*n**2 + n**p - 1 + 2*n**2 + 2*n**2. What is y(-3)?
8
Suppose -5*u = 8 + 2. Let f = u - -1. Let k(w) = -3*w + 1. Determine k(f).
4
Let l = 160 + -159. Let x(z) = 19*z - 1. Calculate x(l).
18
Let t(o) be the first derivative of -1/4*o**4 - o**2 + 4 + 4/3*o**3 + 0*o. What is t(4)?
-8
Let r(v) = 0*v + 4 - 3 - 7*v**3 + 2*v. Let i be ((-1)/2)/(1/2). Calculate r(i).
6
Let b(z) = -z**2 + 8*z - 5. Let y be b(7). Let v(x) = x. Determine v(y).
2
Let h(o) = 1 - 6*o**3 + 3*o**3 + 2*o + o**3 - o**2. What is h(2)?
-15
Let q(i) be the first derivative of -i**5/4 - i**4/12 + i**2/2 - 4*i + 2. Let n(g) be the first derivative of q(g). Give n(1).
-5
Let t be (3/2)/((-16)/(-64)). Let a(o) = o**2 - 6*o + 5. Determine a(t).
5
Let k = -4 + 3. Let g(u) be the third derivative of u**4/3 + 4*u**2. Calculate g(k).
-8
Let q(x) = x**3 - x**2 + 15. Suppose -38*y = -40*y. Determine q(y).
15
Let x(r) = r**3 - 5*r**2. Let j = -2 + 1. Let n be 4/2 - (-4 - j). Determine x(n).
0
Let a(j) = 2*j**2 + 2*j - 2. Let o = -12 - -10. Let s(u) = u**2 + 3*u - 3. Let b(n) = o*a(n) + 3*s(n). Let h be b(5). Let v(y) = y**2 + 6*y + 5. What is v(h)?
0
Suppose -5*z + 4 + 6 = 0. Let w(a) = z*a + 2*a - 2 - a. Determine w(4).
10
Let w(l) be the first derivative of -l**2 - 4*l - 2. Suppose 2*h + 3*o + 15 = 0, 2*o = 4*o + 6. Determine w(h).
2
Let w(c) = c. Let b = -3 + 5. Let n be 2*6 + b*-1. Suppose 9*x - 4*x = n. What is w(x)?
2
Let u(c) = -c**3 + 2*c**2 + 2*c + 2. Suppose -80 = -0*s - 4*s. Let j = -22 + s. Calculate u(j).
14
Let m be (-60)/(-16) + 2/8. Suppose v - m*u + 17 = 0, 2*v + u = 2*u - 6. Let x = v - -5. Let y(q) = q**3 - 4*q**2 - q + 5. Calculate y(x).
1
Let j = -3 + -1. Let z(x) = 4*x**2 + 5*x - 3*x**2 + 7 + 5 - 11. Calculate z(j).
-3
Let o(a) = -4*a + 2. Let u(n) = -3*n + 2. Let l(z) = 2*o(z) - 3*u(z). What is l(7)?
5
Suppose 4*s - s = 4*p + 6, 10 = 5*s - 3*p. Let r(h) = -2 + s*h**2 + 5 - h**2 - 3*h**2 - 2*h. Calculate r(2).
-9
Suppose 0 = -6*f + 17 - 29. Let i(j) = -2*j - 2. What is i(f)?
2
Let r(j) = 5*j**2 - 6*j + 5. Let h(f) = 2*f**2 - 2*f + 2. Let t(d) = 8*h(d) - 3*r(d). Give t(-3).
4
Let l(x) = x**2 - 5*x - 2. Let p(c) = c**2 - 6*c - 2. Let g(w) = 3*l(w) - 2*p(w). Let z(u) = 2*u**2 + 6*u. Let q be z(-4). Let m = q - 5. Calculate g(m).
-2
Let r(m) be the second derivative of -m**4/12 - m**3 - 3*m**2/2 + 17*m. Suppose -2*v = -3*n - v - 20, -3*v + 6 = 0. Calculate r(n).
-3
Suppose l - 1 - 3 = 0. Suppose 2*s - l + 0 = 0. Let g(d) = -2*d**2 - 2*d. Determine g(s).
-12
Let s = 20 - 14. Let y(n) = -3*n + 6. Give y(s).
-12
Let d(i) = i. Suppose -5*j - 4 = 1. Suppose 1 = -m - r, 0 = -m + 2*r - 0*r - 4. Let c = m + j. What is d(c)?
-3
Let p = 12 + -5. Let f(j) = -p*j + 6*j - 1 - 2. Calculate f(-4).
1
Let s be (30/3)/(1 - -1). Let d(t) = -4*t**2 + 1. Let y(r) = -3*r**2 - r. Let w(m) = -4*d(m) + 5*y(m). Determine w(s).
-4
Let z be 1 - -1 - (-10 + 10). Let n(b) be the first derivative of -1/2*b**z + 4*b + 1. Calculate n(-5).
9
Let r(s) = 